Select a Year or Month report
Report for 2024 Feb
MONTHLY CLIMATOLOGICAL SUMMARY for FEB. 2024
NAME: Hondros Weather Station CITY: Hondros STATE: Greece
ELEV: 420 m LAT: 35 00' 00" N LONG: 25 24' 00" E
TEMPERATURE (C), RAIN (mm), WIND SPEED (km/hr)
HEAT COOL AVG
MEAN DEG DEG WIND DOM
DAY TEMP HIGH TIME LOW TIME DAYS DAYS RAIN SPEED HIGH TIME DIR
------------------------------------------------------------------------------------
1 8.4 10.9 14:30 6.9 3:20 9.9 0.0 1.6 14.3 53.1 5:10 E
2 8.3 13.2 13:35 0.6 6:40 10.0 0.0 0.0 6.4 32.2 15:35 E
3 10.0 13.9 14:20 5.2 00:00 8.3 0.0 0.0 7.7 30.6 12:10 E
4 9.8 15.2 13:55 4.9 0:05 8.5 0.0 0.0 4.2 24.1 11:15 E
5 11.8 19.3 14:35 3.2 2:00 6.6 0.1 0.0 4.2 25.7 14:05 E
6 11.9 18.8 14:05 4.1 7:25 6.4 0.0 0.0 4.7 30.6 23:30 E
7 12.6 16.7 14:45 9.2 23:15 5.7 0.0 0.0 7.1 33.8 15:50 E
8 10.7 16.9 12:20 5.4 4:10 7.6 0.0 1.6 2.3 27.4 14:35 E
9 12.7 17.5 13:05 6.4 23:50 5.6 0.0 0.2 4.3 22.5 4:50 E
10 10.7 15.9 14:25 5.2 1:40 7.6 0.0 0.2 2.4 20.9 14:25 E
11 13.9 15.6 15:10 11.8 0:05 4.4 0.0 0.0 10.1 33.8 20:50 E
12 13.2 14.8 9:05 9.2 23:50 5.1 0.0 0.4 10.5 43.5 1:25 E
13 10.9 16.3 11:50 5.5 2:05 7.4 0.0 0.0 4.0 25.7 10:20 E
14 10.4 14.2 14:35 8.2 12:00 7.9 0.0 6.4 11.9 49.9 23:50 E
15 8.7 11.9 11:25 7.1 23:25 9.6 0.0 16.6 17.2 53.1 13:40 E
16 9.9 13.6 14:35 7.3 0:10 8.4 0.0 6.0 13.5 45.1 4:30 E
17 9.9 11.8 10:50 8.5 22:00 8.4 0.0 0.4 15.6 46.7 7:05 E
18 10.9 13.5 13:30 8.9 0:30 7.4 0.0 0.4 21.9 57.9 6:15 E
19 11.4 15.2 13:00 7.6 22:40 6.9 0.0 0.0 11.3 48.3 0:25 E
20 10.0 14.1 13:10 5.3 3:20 8.3 0.0 0.0 1.9 20.9 8:50 E
21 8.9 14.7 12:35 2.9 6:35 9.4 0.0 0.0 1.4 16.1 12:50 E
22 9.0 15.5 13:10 3.3 7:00 9.3 0.0 1.6 1.9 22.5 13:45 E
23 9.4 15.8 12:10 3.5 5:15 8.9 0.0 0.2 2.4 19.3 12:50 E
24 9.6 17.2 13:50 3.9 6:55 8.7 0.0 0.2 2.4 22.5 12:35 E
25 10.9 16.1 13:35 3.3 4:00 7.4 0.0 0.2 7.9 46.7 23:55 E
26 11.2 15.8 0:10 7.1 6:20 7.1 0.0 23.2 6.0 51.5 1:25 E
27 12.6 16.4 11:55 9.6 00:00 5.7 0.0 0.4 4.3 30.6 5:20 E
28 13.7 16.6 14:40 8.9 0:30 4.6 0.0 0.0 10.8 40.2 22:35 E
29 15.6 17.6 10:35 13.7 0:05 2.7 0.0 0.0 17.5 53.1 23:15 E
-------------------------------------------------------------------------------------
10.9 19.3 5 0.6 2 213.9 0.1 59.6 7.9 57.9 18 E
Max >= 32.0: 0
Max <= 0.0: 0
Min <= 0.0: 0
Min <= -18.0: 0
Max Rain: 23.19 ON 26/02/24
Days of Rain: 16 (> .2 mm) 4 (> 2 mm) 1 (> 20 mm)
Heat Base: 18.3 Cool Base: 18.3 Method: Integration