Select a Year or Month report
Report for 2024 Jan
MONTHLY CLIMATOLOGICAL SUMMARY for JAN. 2024
NAME: Hondros Weather Station CITY: Hondros STATE: Greece
ELEV: 420 m LAT: 35 00' 00" N LONG: 25 24' 00" E
TEMPERATURE (C), RAIN (mm), WIND SPEED (km/hr)
HEAT COOL AVG
MEAN DEG DEG WIND DOM
DAY TEMP HIGH TIME LOW TIME DAYS DAYS RAIN SPEED HIGH TIME DIR
------------------------------------------------------------------------------------
1 13.1 15.7 12:10 10.2 1:20 5.2 0.0 0.2 3.5 27.4 12:05 E
2 13.8 16.8 9:45 9.3 4:55 4.5 0.0 0.0 2.9 27.4 10:30 E
3 13.7 17.3 10:55 8.2 5:20 4.7 0.0 0.0 4.5 30.6 10:40 E
4 14.4 17.5 11:30 10.8 1:40 3.9 0.0 0.0 6.1 37.0 20:35 E
5 13.4 18.3 9:50 6.9 23:25 4.9 0.0 0.0 2.9 32.2 1:45 E
6 13.6 15.7 12:10 7.2 0:35 4.7 0.0 0.0 8.7 38.6 20:55 E
7 13.4 16.3 10:15 8.8 20:10 4.9 0.0 1.4 5.0 41.8 9:55 E
8 12.3 15.4 11:00 10.3 5:45 5.4 0.0 1.0 1.8 22.5 11:10 E
9 10.4 13.4 13:25 7.8 20:40 7.8 0.0 18.2 5.3 37.0 23:35 E
10 7.6 9.4 0:05 6.4 21:45 10.7 0.0 7.2 24.5 62.8 18:45 E
11 8.1 10.3 15:25 6.7 0:40 10.2 0.0 0.2 18.5 62.8 0:05 E
12 10.2 14.4 14:45 7.9 0:05 8.1 0.0 2.6 1.3 22.5 23:40 E
13 8.6 10.4 11:45 6.7 17:35 9.7 0.0 0.0 20.4 66.0 12:40 E
14 9.4 13.5 14:35 6.3 7:25 8.8 0.0 0.0 5.6 43.5 0:25 E
15 10.4 14.0 11:25 5.8 2:10 7.9 0.0 8.2 2.9 32.2 17:55 E
16 13.8 16.3 11:35 11.7 8:05 4.5 0.0 3.0 3.1 29.0 1:30 E
17 12.9 18.0 11:05 7.9 7:10 5.3 0.0 0.2 2.9 22.5 1:25 E
18 12.0 17.1 15:00 7.7 00:00 6.3 0.0 0.2 1.3 19.3 15:05 E
19 12.1 18.8 16:10 5.7 5:10 6.3 0.0 0.0 1.3 20.9 16:00 E
20 12.6 19.2 12:40 6.7 5:15 5.7 0.0 0.0 1.0 19.3 0:10 E
21 12.9 18.3 1:50 8.0 00:00 5.4 0.0 3.0 15.0 56.3 19:20 E
22 7.9 9.9 12:30 6.3 8:25 10.4 0.0 2.8 25.6 64.4 10:10 E
23 8.4 10.3 9:40 7.3 0:20 9.9 0.0 0.0 14.3 48.3 0:25 E
24 9.5 11.8 10:30 7.4 0:10 8.8 0.0 0.0 13.8 46.7 22:50 E
25 10.3 12.7 14:50 7.4 21:15 8.0 0.0 0.0 10.8 40.2 2:30 E
26 11.4 14.0 12:45 9.6 20:05 6.9 0.0 0.0 13.8 41.8 12:35 E
27 10.7 14.2 12:45 7.3 22:20 7.6 0.0 0.0 8.5 41.8 1:15 E
28 8.4 11.4 9:00 5.7 15:30 9.8 0.0 12.6 10.0 56.3 21:45 E
29 6.3 8.2 9:20 3.5 19:25 12.0 0.0 5.0 16.6 66.0 20:30 E
30 4.9 7.8 14:00 2.8 22:55 13.4 0.0 7.8 17.1 56.3 6:10 E
31 5.4 8.0 17:45 3.1 0:15 12.9 0.0 17.6 14.0 59.5 15:15 E
-------------------------------------------------------------------------------------
10.7 19.2 20 2.8 30 234.7 0.0 91.2 9.1 66.0 13 E
Max >= 32.0: 0
Max <= 0.0: 0
Min <= 0.0: 0
Min <= -18.0: 0
Max Rain: 18.21 ON 09/01/24
Days of Rain: 17 (> .2 mm) 11 (> 2 mm) 0 (> 20 mm)
Heat Base: 18.3 Cool Base: 18.3 Method: Integration