Select a Year or Month report
Report for 2023 Aug
MONTHLY CLIMATOLOGICAL SUMMARY for AUG. 2023
NAME: Hondros Weather Station CITY: Hondros STATE: Greece
ELEV: 420 m LAT: 35 00' 00" N LONG: 25 24' 00" E
TEMPERATURE (C), RAIN (mm), WIND SPEED (km/hr)
HEAT COOL AVG
MEAN DEG DEG WIND DOM
DAY TEMP HIGH TIME LOW TIME DAYS DAYS RAIN SPEED HIGH TIME DIR
------------------------------------------------------------------------------------
1 28.7 33.3 17:05 25.2 2:00 0.0 10.4 0.0 14.6 41.8 6:30 E
2 26.9 31.0 10:50 20.3 7:00 0.0 8.7 0.0 4.8 27.4 15:20 E
3 26.4 33.4 16:15 17.7 5:40 0.0 8.1 0.0 4.8 29.0 16:35 E
4 25.3 34.2 15:40 15.7 5:50 0.3 7.3 0.0 5.1 29.0 12:00 E
5 25.7 33.2 16:50 16.1 5:10 0.3 7.6 0.0 4.8 27.4 13:45 E
6 26.8 32.3 14:50 20.4 0:10 0.0 8.5 0.0 6.3 30.6 11:00 E
7 24.9 28.3 14:05 19.8 1:00 0.0 6.6 0.0 6.0 25.7 1:25 E
8 24.5 30.8 17:00 16.9 4:40 0.1 6.3 0.0 8.9 35.4 10:55 E
9 25.4 29.1 13:35 22.1 21:30 0.0 7.1 0.0 17.9 49.9 8:35 E
10 25.9 31.3 15:00 22.1 5:40 0.0 7.6 0.0 14.5 41.8 3:30 E
11 25.1 29.7 13:40 21.9 23:50 0.0 6.8 0.0 13.4 41.8 14:15 E
12 24.2 28.2 13:45 21.4 5:20 0.0 5.9 0.0 15.1 41.8 0:35 E
13 24.9 29.9 12:35 21.3 3:45 0.0 6.6 0.0 11.1 38.6 17:20 E
14 24.9 29.9 15:10 21.3 2:10 0.0 6.6 0.0 9.2 33.8 7:00 E
15 25.7 30.6 13:50 21.9 1:45 0.0 7.4 0.0 11.3 40.2 16:40 E
16 27.0 31.4 13:55 23.1 1:55 0.0 8.7 0.0 10.8 41.8 10:15 E
17 27.4 32.3 14:10 24.4 0:50 0.0 9.2 0.0 12.7 41.8 8:40 E
18 26.7 32.1 12:40 22.8 23:55 0.0 8.4 0.0 8.9 35.4 10:25 E
19 26.7 32.1 11:55 22.4 0:15 0.0 8.4 0.0 6.4 33.8 10:40 E
20 27.4 32.4 13:15 24.5 0:05 0.0 9.2 0.0 11.1 38.6 9:20 E
21 26.7 32.8 15:40 19.6 23:55 0.0 8.4 0.0 8.2 38.6 11:25 E
22 23.9 29.3 11:45 17.1 4:45 0.1 5.7 0.0 4.2 22.5 9:55 E
23 24.7 30.6 11:25 16.1 5:25 0.3 6.7 0.0 4.0 24.1 10:45 E
24 26.2 32.3 16:10 17.1 3:45 0.0 7.9 0.0 7.4 38.6 22:35 E
25 28.2 33.9 10:50 25.2 2:55 0.0 9.9 0.0 10.1 40.2 0:25 E
26 28.4 33.2 8:00 25.6 23:25 0.0 10.1 0.0 10.6 43.5 9:55 E
27 27.9 32.6 9:30 25.6 00:00 0.0 9.7 0.0 16.4 45.1 21:10 E
28 28.4 31.7 10:40 24.7 1:25 0.0 10.1 0.0 15.3 43.5 8:40 E
29 27.8 35.0 11:15 20.9 16:25 0.0 9.4 0.0 6.6 29.0 3:10 E
30 24.1 31.9 7:05 17.2 19:35 0.1 5.9 0.0 4.8 33.8 6:10 E
31 26.2 29.3 10:20 22.6 0:05 0.0 7.8 0.0 11.1 32.2 7:35 E
-------------------------------------------------------------------------------------
26.2 35.0 29 15.7 4 1.3 247.1 0.0 9.6 49.9 9 E
Max >= 32.0: 15
Max <= 0.0: 0
Min <= 0.0: 0
Min <= -18.0: 0
Max Rain: 0.00 ON 01/08/23
Days of Rain: 0 (> .2 mm) 0 (> 2 mm) 0 (> 20 mm)
Heat Base: 18.3 Cool Base: 18.3 Method: Integration