Select a Year or Month report
Report for 2023 May
MONTHLY CLIMATOLOGICAL SUMMARY for APR. 2023
NAME: Hondros Weather Station CITY: Hondros STATE: Greece
ELEV: 420 m LAT: 35 00' 00" N LONG: 25 24' 00" E
TEMPERATURE (C), RAIN (mm), WIND SPEED (km/hr)
HEAT COOL AVG
MEAN DEG DEG WIND DOM
DAY TEMP HIGH TIME LOW TIME DAYS DAYS RAIN SPEED HIGH TIME DIR
------------------------------------------------------------------------------------
1 14.4 18.6 12:00 10.8 5:20 3.9 0.0 0.0 6.6 30.6 0:10 E
2 16.1 21.7 12:35 9.8 6:35 2.8 0.6 0.0 2.6 20.9 11:45 E
3 17.6 20.7 10:30 10.8 00:00 1.2 0.5 0.2 10.5 46.7 10:10 E
4 12.4 14.3 11:45 9.1 1:10 5.9 0.0 3.4 8.9 38.6 23:55 E
5 12.9 17.4 13:45 7.2 00:00 5.4 0.0 0.0 8.5 40.2 0:05 E
6 11.6 14.3 13:45 6.6 1:10 6.8 0.0 10.6 1.6 22.5 13:00 E
7 11.7 16.5 11:10 6.3 3:05 6.6 0.0 0.0 4.7 30.6 10:45 E
8 10.7 13.9 13:35 8.6 23:40 7.6 0.0 1.8 0.6 16.1 12:20 E
9 12.6 18.1 11:10 5.7 6:10 5.8 0.0 0.0 6.3 30.6 13:00 E
10 12.3 16.9 11:55 9.4 00:00 6.0 0.0 0.0 10.5 38.6 14:35 E
11 9.7 13.6 13:15 8.3 10:20 8.6 0.0 6.6 13.7 43.5 11:40 E
12 12.5 18.3 12:30 7.5 3:25 5.8 0.0 0.0 8.5 35.4 12:20 E
13 13.6 18.7 14:00 6.3 00:00 4.8 0.0 0.0 5.6 25.7 13:00 E
14 12.4 19.4 16:25 5.0 4:50 5.9 0.1 0.0 3.2 20.9 13:20 E
15 15.6 18.9 10:50 8.1 23:55 2.7 0.0 0.0 7.2 35.4 6:00 E
16 13.7 18.3 12:10 7.8 2:25 4.6 0.0 0.0 3.1 25.7 12:50 E
17 13.8 21.2 14:55 5.7 5:45 4.8 0.3 0.2 3.1 24.1 12:55 E
18 14.4 20.1 13:40 9.1 6:20 4.1 0.2 0.0 4.2 24.1 14:20 E
19 14.0 19.6 13:15 7.8 2:05 4.4 0.0 0.8 7.4 32.2 16:50 E
20 13.8 19.0 10:25 6.9 00:00 4.5 0.0 0.0 5.8 32.2 4:50 E
21 13.4 18.1 10:35 5.6 3:55 4.4 0.0 0.0 3.2 24.1 11:30 E
22 14.9 19.4 15:10 10.2 23:20 3.4 0.0 1.4 4.2 27.4 8:10 E
23 15.8 20.6 13:25 8.9 23:40 2.9 0.4 0.0 6.9 29.0 7:55 E
24 13.5 20.4 11:25 5.3 5:40 5.0 0.2 0.0 3.9 25.7 11:35 E
25 14.7 21.3 15:40 6.2 2:55 4.1 0.5 0.0 5.1 27.4 11:25 E
26 16.4 22.3 12:50 12.9 5:05 2.5 0.6 0.0 6.8 32.2 10:25 E
27 14.8 18.2 13:40 12.2 21:30 3.5 0.0 0.0 14.5 46.7 11:40 E
28 13.2 16.9 14:20 11.3 21:35 5.1 0.0 0.0 20.1 54.7 16:40 E
29 14.1 17.7 12:55 11.1 2:15 4.2 0.0 0.0 15.8 48.3 13:05 E
30 13.1 19.5 8:35 5.9 4:00 5.3 0.0 0.0 3.4 25.7 9:35 E
-------------------------------------------------------------------------------------
13.7 22.3 26 5.0 14 142.3 3.5 25.0 6.9 54.7 28 E
Max >= 32.0: 0
Max <= 0.0: 0
Min <= 0.0: 0
Min <= -18.0: 0
Max Rain: 10.59 ON 06/04/23
Days of Rain: 8 (> .2 mm) 3 (> 2 mm) 0 (> 20 mm)
Heat Base: 18.3 Cool Base: 18.3 Method: Integration