Select a Year or Month report
Report for 2023 Mar
MONTHLY CLIMATOLOGICAL SUMMARY for MAR. 2023
NAME: Hondros Weather Station CITY: Hondros STATE: Greece
ELEV: 420 m LAT: 35 00' 00" N LONG: 25 24' 00" E
TEMPERATURE (C), RAIN (mm), WIND SPEED (km/hr)
HEAT COOL AVG
MEAN DEG DEG WIND DOM
DAY TEMP HIGH TIME LOW TIME DAYS DAYS RAIN SPEED HIGH TIME DIR
------------------------------------------------------------------------------------
1 13.9 23.0 12:20 6.3 7:05 5.4 1.0 0.0 2.6 19.3 12:35 E
2 12.7 20.5 17:00 6.1 2:45 5.7 0.1 0.0 5.8 45.1 13:45 E
3 11.9 17.4 14:50 5.3 6:55 6.4 0.0 0.0 4.3 27.4 2:20 E
4 11.9 18.6 11:10 4.9 3:25 6.4 0.0 0.0 1.8 17.7 10:40 E
5 11.2 15.8 13:20 7.4 7:00 7.1 0.0 3.8 5.1 40.2 17:35 E
6 11.8 17.4 13:50 7.3 00:00 6.4 0.0 0.0 5.6 32.2 13:05 E
7 10.2 15.2 12:05 5.7 1:40 8.1 0.0 0.0 2.4 25.7 12:25 E
8 11.8 17.9 14:00 6.0 23:55 6.4 0.0 0.0 2.1 19.3 11:05 E
9 10.8 17.3 12:40 3.8 6:30 7.4 0.0 0.0 3.1 19.3 20:05 E
10 13.2 17.7 13:25 8.6 00:00 5.2 0.0 0.0 5.3 27.4 1:10 E
11 12.9 17.9 10:25 7.4 1:25 5.3 0.0 0.0 2.9 25.7 11:40 E
12 13.7 17.6 11:55 11.1 22:25 4.6 0.0 12.2 6.4 27.4 18:15 E
13 10.1 12.4 10:25 7.9 18:20 8.2 0.0 1.6 27.0 66.0 8:30 E
14 9.1 12.8 14:05 3.9 22:20 9.2 0.0 0.0 17.1 66.0 1:40 E
15 9.6 15.2 14:25 0.6 5:40 8.7 0.0 7.8 3.7 29.0 12:00 E
16 9.8 13.9 9:55 5.8 4:55 8.5 0.0 3.8 2.3 25.7 10:00 E
17 10.4 13.3 15:30 5.4 5:35 7.9 0.0 4.2 6.4 37.0 23:45 E
18 9.8 12.9 12:55 7.8 4:05 8.5 0.0 2.2 22.2 61.2 13:00 E
19 10.2 12.7 12:20 6.8 5:15 8.1 0.0 1.0 25.9 67.6 9:35 E
20 12.4 16.9 10:55 7.2 00:00 5.8 0.0 0.0 13.4 59.5 0:55 E
21 11.3 19.9 11:05 4.2 3:15 7.1 0.0 0.0 1.4 16.1 11:20 E
22 13.6 18.5 10:45 10.3 1:35 4.7 0.0 0.0 3.1 27.4 11:50 E
23 14.5 18.6 9:25 12.1 19:55 3.8 0.0 0.0 10.8 40.2 14:30 E
24 13.8 18.2 11:30 10.7 21:45 4.5 0.0 0.0 12.2 40.2 12:40 E
25 14.3 20.7 13:25 6.7 23:55 4.4 0.4 0.0 8.9 37.0 1:10 E
26 14.1 22.4 13:05 5.7 3:30 4.7 0.7 0.0 4.8 40.2 14:45 E
27 13.2 19.9 13:35 4.6 5:20 5.3 0.2 0.0 5.3 37.0 14:30 E
28 13.2 17.5 11:50 8.2 3:25 5.1 0.0 0.0 10.5 59.5 23:55 E
29 8.7 11.3 12:40 6.9 23:00 9.6 0.0 0.2 18.5 59.5 8:55 E
30 9.6 16.3 15:45 1.3 5:35 8.8 0.0 0.0 6.3 29.0 12:55 E
31 11.6 18.3 13:30 2.6 6:05 6.7 0.0 0.0 7.2 35.4 21:50 E
-------------------------------------------------------------------------------------
11.8 23.0 1 0.6 15 204.2 2.5 36.8 8.2 67.6 19 E
Max >= 32.0: 0
Max <= 0.0: 0
Min <= 0.0: 0
Min <= -18.0: 0
Max Rain: 12.19 ON 12/03/23
Days of Rain: 9 (> .2 mm) 6 (> 2 mm) 0 (> 20 mm)
Heat Base: 18.3 Cool Base: 18.3 Method: Integration