Select a Year or Month report
Report for 2023 Jan
MONTHLY CLIMATOLOGICAL SUMMARY for JAN. 2023
NAME: Hondros Weather Station CITY: Hondros STATE: Greece
ELEV: 420 m LAT: 35 00' 00" N LONG: 25 24' 00" E
TEMPERATURE (C), RAIN (mm), WIND SPEED (km/hr)
HEAT COOL AVG
MEAN DEG DEG WIND DOM
DAY TEMP HIGH TIME LOW TIME DAYS DAYS RAIN SPEED HIGH TIME DIR
------------------------------------------------------------------------------------
1
2
3
4
5
6
7
8
9
10
11 8.6 12.7 15:10 5.3 23:45 4.5 0.0 1.6 0.6 16.1 13:00 E
12 9.7 14.4 14:25 5.0 22:50 8.6 0.0 0.0 4.8 29.0 12:25 E
13 8.4 12.6 12:10 4.1 5:10 9.9 0.0 5.2 9.5 49.9 19:40 E
14 9.5 14.2 13:00 3.6 00:00 8.8 0.0 1.6 9.3 45.1 2:25 E
15 6.6 12.4 11:05 1.7 4:50 11.7 0.0 10.2 1.3 27.4 12:30 E
16 9.7 15.7 14:30 3.6 3:05 8.6 0.0 0.2 3.2 25.7 4:45 E
17 11.4 14.7 14:10 5.8 1:10 6.9 0.0 0.0 5.6 37.0 14:30 E
18 13.5 14.1 12:15 13.1 20:05 4.8 0.0 0.0 6.4 35.4 12:50 E
19 13.7 15.4 14:05 12.9 0:45 4.7 0.0 0.0 10.3 32.2 11:00 E
20 12.1 15.7 12:55 4.8 23:40 6.2 0.0 0.2 7.7 35.4 1:10 E
21 8.5 14.6 11:45 3.6 1:55 9.8 0.0 0.2 2.9 27.4 10:55 E
22 8.3 15.5 12:50 3.2 7:25 10.0 0.0 0.2 1.8 29.0 12:30 E
23 9.8 16.2 13:30 3.3 2:00 8.5 0.0 0.2 1.8 19.3 13:05 E
24 9.9 16.6 15:00 4.4 7:15 8.3 0.0 0.0 1.3 16.1 13:50 E
25 9.7 16.3 12:50 3.3 6:00 8.7 0.0 0.2 2.1 17.7 13:35 E
26 13.1 14.6 14:45 7.3 0:10 5.2 0.0 0.0 12.7 51.5 14:10 E
27 11.0 15.1 11:35 6.6 21:50 7.3 0.0 0.0 4.8 40.2 1:05 E
28 10.0 15.3 14:30 5.2 4:40 8.3 0.0 4.6 4.0 33.8 12:20 E
29 8.5 14.7 12:25 3.9 7:00 9.8 0.0 0.2 2.9 35.4 15:30 E
30 8.3 13.1 11:20 3.4 1:40 10.0 0.0 0.0 5.6 35.4 15:40 E
31 9.0 12.7 14:00 5.2 23:45 9.3 0.0 1.8 9.7 38.6 10:55 E
-------------------------------------------------------------------------------------
10.0 16.6 24 1.7 15 169.7 0.0 26.4 5.2 51.5 26 E
Max >= 32.0: 0
Max <= 0.0: 0
Min <= 0.0: 0
Min <= -18.0: 0
Max Rain: 10.21 ON 15/01/23
Days of Rain: 13 (> .2 mm) 3 (> 2 mm) 0 (> 20 mm)
Heat Base: 18.3 Cool Base: 18.3 Method: Integration