Select a Year or Month report
Report for 2022 Dec
MONTHLY CLIMATOLOGICAL SUMMARY for NOV. 2022
NAME: Hondros Weather Station CITY: Hondros STATE: Greece
ELEV: 420 m LAT: 35 00' 00" N LONG: 25 24' 00" E
TEMPERATURE (C), RAIN (mm), WIND SPEED (km/hr)
HEAT COOL AVG
MEAN DEG DEG WIND DOM
DAY TEMP HIGH TIME LOW TIME DAYS DAYS RAIN SPEED HIGH TIME DIR
------------------------------------------------------------------------------------
1 17.6 23.5 20:45 14.6 6:10 1.7 1.0 0.0 10.0 38.6 9:20 E
2 18.1 22.9 18:30 13.7 11:05 1.2 1.0 0.0 6.4 27.4 8:35 E
3
4
5
6
7
8
9
10
11
12 11.4 19.2 21:35 5.6 14:00 6.4 0.1 0.2 2.4 24.1 22:15 E
13 14.7 18.8 19:45 9.5 2:15 3.7 0.0 0.0 7.9 37.0 21:05 E
14 14.8 17.7 20:20 12.8 12:55 3.5 0.0 0.0 9.8 43.5 18:30 E
15 14.0 19.9 20:20 8.6 14:05 4.4 0.1 0.0 3.7 29.0 0:20 E
16 15.2 20.2 21:55 9.4 13:40 3.2 0.2 0.0 3.1 22.5 17:05 E
17 13.3 20.8 20:15 8.3 10:40 5.5 0.4 0.0 1.8 19.3 21:35 E
18 14.5 18.3 0:05 12.3 21:10 1.0 0.0 0.2 0.2 6.4 20:25 E
19 16.2 22.1 12:45 11.2 23:35 2.9 0.8 0.0 2.1 19.3 10:50 E
20 16.0 22.3 11:15 10.1 6:00 3.2 0.9 0.2 1.6 24.1 12:45 E
21 17.2 20.2 12:45 12.4 23:50 1.5 0.3 0.0 4.0 25.7 13:40 E
22 15.1 19.8 14:20 10.2 20:35 3.4 0.1 0.0 3.2 22.5 11:15 E
23 13.9 17.0 12:00 10.0 21:35 4.4 0.0 12.4 3.7 38.6 12:50 E
24 13.6 18.3 13:05 8.7 1:20 4.7 0.0 0.2 8.0 38.6 22:15 E
25 13.2 16.4 12:50 11.5 22:55 5.1 0.0 0.8 11.7 40.2 21:30 E
26 11.9 15.6 10:45 7.5 23:55 6.3 0.0 0.0 7.9 41.8 1:40 E
27 10.6 16.1 12:05 6.3 6:25 7.7 0.0 0.4 1.1 16.1 10:55 E
28 11.9 16.1 14:10 7.7 3:45 6.4 0.0 0.4 2.9 27.4 14:15 E
29 12.7 16.8 14:35 9.2 21:30 5.6 0.0 0.2 4.5 29.0 9:10 E
30 14.3 16.2 14:30 9.2 0:55 4.0 0.0 2.0 7.2 35.4 23:45 E
-------------------------------------------------------------------------------------
14.3 23.5 1 5.6 12 85.8 4.9 17.0 4.9 43.5 14 E
Max >= 32.0: 0
Max <= 0.0: 0
Min <= 0.0: 0
Min <= -18.0: 0
Max Rain: 12.40 ON 23/11/22
Days of Rain: 10 (> .2 mm) 2 (> 2 mm) 0 (> 20 mm)
Heat Base: 18.3 Cool Base: 18.3 Method: Integration