Select a Year or Month report
Report for 2022 Sep
MONTHLY CLIMATOLOGICAL SUMMARY for SEP. 2022
NAME: Hondros Weather Station CITY: Hondros STATE: Greece
ELEV: 420 m LAT: 35 00' 00" N LONG: 25 24' 00" E
TEMPERATURE (C), RAIN (mm), WIND SPEED (km/hr)
HEAT COOL AVG
MEAN DEG DEG WIND DOM
DAY TEMP HIGH TIME LOW TIME DAYS DAYS RAIN SPEED HIGH TIME DIR
------------------------------------------------------------------------------------
1 25.4 30.0 12:50 20.7 7:05 0.0 7.1 0.0 6.9 35.4 12:25 E
2 24.1 27.9 16:05 16.5 7:10 0.1 5.9 0.0 4.2 24.1 11:15 E
3 23.6 28.4 15:55 16.9 6:05 0.1 5.4 0.0 5.5 27.4 15:00 E
4 25.9 30.8 13:20 22.3 5:25 0.0 7.7 0.0 11.9 41.8 00:00 E
5 24.8 29.1 13:00 20.5 22:05 0.0 6.5 0.0 20.6 57.9 23:40 E
6 21.6 24.3 14:20 19.8 6:40 0.0 3.3 0.0 26.2 69.2 14:20 E
7 21.8 25.4 14:05 19.8 22:30 0.0 3.5 0.0 17.7 49.9 15:55 E
8 22.8 27.9 14:40 17.6 00:00 0.0 4.5 0.0 11.7 38.6 14:10 E
9 23.9 30.1 14:25 14.6 2:20 0.4 6.0 0.0 8.4 35.4 13:35 E
10 25.6 32.0 11:30 17.8 3:50 0.0 7.3 0.0 5.3 33.8 0:10 E
11 26.0 32.9 12:45 16.9 6:40 0.1 7.8 0.0 6.0 37.0 12:25 E
12 26.7 31.9 12:35 21.6 23:55 0.0 8.4 0.0 8.2 38.6 16:40 E
13 23.5 28.2 15:50 20.0 6:40 0.0 5.2 0.0 10.8 37.0 10:05 E
14 22.4 26.0 12:50 20.1 22:40 0.0 4.1 0.0 12.4 45.1 13:50 E
15 19.9 26.6 15:45 10.9 7:40 1.7 3.3 0.0 3.7 25.7 0:15 E
16 20.4 28.8 14:30 12.1 6:40 2.0 4.1 0.0 2.9 27.4 13:40 E
17 19.9 26.1 13:15 10.9 6:55 1.9 3.5 0.0 3.5 25.7 12:05 E
18 24.5 29.8 18:00 17.3 7:30 0.0 6.2 0.0 6.3 25.7 8:25 E
19 23.2 28.9 14:55 14.9 5:45 0.3 5.2 0.0 6.4 33.8 13:45 E
20 20.5 26.1 17:45 11.9 7:25 1.1 3.4 0.0 5.1 25.7 18:15 E
21 20.1 26.7 17:15 11.7 7:15 1.6 3.4 0.0 6.1 29.0 13:20 E
22 19.9 23.6 12:00 16.2 7:00 0.1 1.8 0.0 6.4 35.4 15:15 E
23 17.7 22.6 12:25 13.2 20:20 1.2 0.6 5.6 5.5 35.4 22:55 E
24 18.2 22.4 13:30 12.6 00:00 1.2 1.1 0.0 10.8 38.6 14:10 E
25 15.8 24.0 12:25 6.9 6:35 4.2 1.7 0.0 3.4 24.1 13:15 E
26 17.1 24.3 13:55 10.4 7:10 3.2 1.9 0.0 3.2 22.5 15:55 E
27 18.4 25.3 14:40 9.8 1:50 2.5 2.7 0.0 3.4 30.6 13:15 E
28 23.1 29.8 12:05 16.7 5:25 0.2 5.0 0.0 3.5 25.7 12:50 E
29 23.4 30.1 13:35 17.1 5:55 0.1 5.2 0.0 2.3 20.9 13:35 E
30 25.1 31.5 15:05 18.6 0:25 0.0 6.8 0.0 3.1 22.5 12:45 E
-------------------------------------------------------------------------------------
22.2 32.9 11 6.9 25 22.1 138.3 5.6 7.7 69.2 6 E
Max >= 32.0: 2
Max <= 0.0: 0
Min <= 0.0: 0
Min <= -18.0: 0
Max Rain: 5.59 ON 23/09/22
Days of Rain: 1 (> .2 mm) 1 (> 2 mm) 0 (> 20 mm)
Heat Base: 18.3 Cool Base: 18.3 Method: Integration