Select a Year or Month report
Report for 2022 Aug
MONTHLY CLIMATOLOGICAL SUMMARY for AUG. 2022
NAME: Hondros Weather Station CITY: Hondros STATE: Greece
ELEV: 420 m LAT: 35 00' 00" N LONG: 25 24' 00" E
TEMPERATURE (C), RAIN (mm), WIND SPEED (km/hr)
HEAT COOL AVG
MEAN DEG DEG WIND DOM
DAY TEMP HIGH TIME LOW TIME DAYS DAYS RAIN SPEED HIGH TIME DIR
------------------------------------------------------------------------------------
1
2
3
4
5
6
7
8
9
10
11
12
13
14
15
16
17 30.2 35.2 15:00 25.9 23:35 0.0 4.6 0.0 12.7 38.6 16:55 E
18 28.1 32.2 16:20 24.7 5:25 0.0 9.8 0.0 16.7 45.1 10:45 E
19 29.8 34.8 14:35 25.4 5:50 0.0 11.5 0.0 15.4 49.9 0:20 E
20 29.3 33.4 15:05 25.8 00:00 0.0 11.0 0.0 15.1 46.7 9:50 E
21 25.4 30.9 11:25 18.6 6:05 0.0 7.1 0.0 3.2 19.3 12:15 E
22 23.9 28.7 14:45 18.3 7:10 0.0 5.6 0.0 4.0 27.4 13:25 E
23 23.4 29.2 16:45 17.3 6:45 0.1 5.2 0.0 4.0 25.7 15:05 E
24 21.8 25.5 13:55 17.9 7:10 0.0 3.5 2.0 2.9 24.1 22:30 E
25 22.1 26.7 14:30 17.1 6:30 0.1 3.8 1.6 4.0 29.0 17:20 E
26 21.1 26.6 12:55 15.5 6:35 0.6 3.4 3.6 2.3 27.4 13:20 E
27 21.6 26.8 14:40 15.7 7:05 0.4 3.7 0.2 2.7 20.9 11:30 E
28 23.8 30.4 16:35 17.1 3:50 0.2 5.7 0.0 5.1 38.6 11:35 E
29 26.5 32.2 15:25 19.9 7:35 0.0 8.2 0.0 6.8 35.4 13:40 E
30 25.1 30.8 11:15 18.3 5:30 0.0 6.7 0.0 4.2 24.1 11:25 E
31 23.9 29.6 15:25 16.8 7:05 0.2 5.7 0.0 3.9 24.1 17:20 E
-------------------------------------------------------------------------------------
25.1 35.2 17 15.5 26 1.5 95.5 7.4 6.9 49.9 19 E
Max >= 32.0: 5
Max <= 0.0: 0
Min <= 0.0: 0
Min <= -18.0: 0
Max Rain: 3.61 ON 26/08/22
Days of Rain: 4 (> .2 mm) 2 (> 2 mm) 0 (> 20 mm)
Heat Base: 18.3 Cool Base: 18.3 Method: Integration