Select a Year or Month report
Report for 2017 Jun
MONTHLY CLIMATOLOGICAL SUMMARY for JUN. 2017
NAME: Hondros Weather Station CITY: Hondros STATE: Greece
ELEV: 420 m LAT: 35 00' 00" N LONG: 25 24' 00" E
TEMPERATURE (C), RAIN (mm), WIND SPEED (km/hr)
HEAT COOL AVG
MEAN DEG DEG WIND DOM
DAY TEMP HIGH TIME LOW TIME DAYS DAYS RAIN SPEED HIGH TIME DIR
------------------------------------------------------------------------------------
1 20.0 27.4 11:50 10.7 6:35 2.0 3.8 0.0 4.3 22.5 12:35 NE
2 22.9 28.4 17:35 15.1 6:15 0.3 4.9 0.0 4.3 22.5 19:25 NE
3 20.3 27.2 8:50 13.6 6:00 1.2 3.3 0.0 3.4 19.3 13:45 SSE
4 21.2 28.6 14:50 14.1 3:15 1.1 4.0 0.0 4.2 24.1 15:50 SSE
5 19.7 24.7 14:50 13.8 5:45 1.2 2.6 0.0 4.7 20.9 11:45 NE
6 19.9 25.8 14:25 12.3 6:40 1.4 3.1 0.0 3.9 20.9 11:45 SSE
7 21.4 28.1 15:55 14.3 5:05 0.8 3.9 5.2 4.3 41.8 00:00 NE
8 23.2 27.9 2:20 19.6 0:05 0.0 4.9 0.6 7.6 59.5 0:10 NNW
9 23.6 28.3 15:45 19.6 4:35 0.0 5.3 0.0 11.1 43.5 2:10 NNW
10 21.3 27.9 13:50 15.1 6:15 0.6 3.6 0.0 5.8 27.4 14:00 NE
11 21.3 26.2 13:25 14.3 6:50 0.6 3.6 0.0 4.5 22.5 10:10 SSW
12 21.1 25.3 16:30 18.2 6:00 0.0 2.8 0.0 11.4 37.0 13:55 NNW
13 21.5 26.6 14:35 18.0 1:05 0.0 3.2 0.0 12.9 38.6 6:55 NNW
14 24.7 29.7 16:35 19.9 1:40 0.0 6.4 0.0 11.3 40.2 9:15 NNW
15 25.6 32.5 13:10 17.3 6:35 0.0 7.3 0.0 5.1 27.4 11:55 NE
16 23.7 29.3 8:40 16.3 6:00 0.3 5.6 0.0 4.3 19.3 15:45 NE
17 23.8 29.7 17:45 17.0 5:50 0.1 5.7 0.0 5.1 25.7 14:40 SSE
18 22.1 25.4 9:55 17.4 6:30 0.0 3.9 0.0 5.0 20.9 11:40 SSE
19 20.9 24.4 14:10 18.1 4:15 0.0 2.6 0.0 14.0 43.5 23:35 NNW
20 20.4 23.4 16:30 17.7 2:40 0.1 2.2 0.0 16.7 53.1 1:55 NNW
21 22.5 26.4 14:35 19.2 3:45 0.0 4.2 0.0 14.3 41.8 1:40 NNE
22 24.6 29.0 13:40 19.7 2:00 0.0 6.2 0.0 10.0 35.4 14:30 NNW
23 26.4 32.6 15:20 17.7 2:20 0.0 8.1 0.0 8.5 30.6 9:55 NNW
24 26.4 30.8 11:20 17.8 6:15 0.0 8.2 0.0 5.3 22.5 16:05 NE
25 27.4 33.7 16:00 19.1 6:25 0.0 9.1 0.0 6.4 29.0 12:15 NNW
26 28.8 33.8 12:50 21.7 0:30 0.0 10.5 0.0 8.7 29.0 9:15 NNW
27 29.1 33.6 15:15 25.8 1:15 0.0 10.8 0.0 8.9 30.6 13:25 NNW
28 29.3 33.6 12:20 24.1 23:55 0.0 11.0 0.0 7.9 27.4 13:45 NNW
29 30.1 35.8 17:10 20.4 2:45 0.0 11.8 0.0 6.6 27.4 13:30 NNW
30 34.6 41.5 14:40 26.7 5:25 0.0 16.3 0.0 7.2 33.8 10:00 NE
-------------------------------------------------------------------------------------
23.9 41.5 30 10.7 1 9.9 178.9 5.8 7.6 59.5 8 NNW
Max >= 32.0: 8
Max <= 0.0: 0
Min <= 0.0: 0
Min <= -18.0: 0
Max Rain: 5.21 ON 07/06/17
Days of Rain: 2 (> .2 mm) 1 (> 2 mm) 0 (> 20 mm)
Heat Base: 18.3 Cool Base: 18.3 Method: Integration