NOAA Reports/Αναφορές NOAA

Select a Year or Month report
2022 > Jan Feb Mar Apr May Jun Jul Aug Sep Oct Nov Dec
2021 > Jan Feb Mar Apr May Jun Jul Aug Sep Oct Nov Dec
2020 > Jan Feb Mar Apr May Jun Jul Aug Sep Oct Nov Dec
2019 > Jan Feb Mar Apr May Jun Jul Aug Sep Oct Nov Dec
2018 > Jan Feb Mar Apr May Jun Jul Aug Sep Oct Nov Dec
2017 > Jan Feb Mar Apr May Jun Jul Aug Sep Oct Nov Dec
2016 > Jan Feb Mar Apr May Jun Jul Aug Sep Oct Nov Dec

Report for 2022 08
                   MONTHLY CLIMATOLOGICAL SUMMARY for JUL. 2022

NAME: Hondros Weather Station   CITY: Hondros   STATE: Greece 
ELEV:   420 m  LAT:  35 00' 00" N  LONG:  25 24' 00" E

                   TEMPERATURE (C), RAIN  (mm), WIND SPEED (km/hr)

                                      HEAT  COOL        AVG
    MEAN                              DEG   DEG         WIND                 DOM
DAY TEMP  HIGH   TIME   LOW    TIME   DAYS  DAYS  RAIN  SPEED HIGH   TIME    DIR
------------------------------------------------------------------------------------
 1  24.8  28.8   15:35  22.0    3:30   0.0   6.5   0.0   6.1  43.5   11:40     E
 2  25.7  30.6   13:30  22.8    0:25   0.0   7.4   0.0   9.5  49.9   16:25     E
 3  25.3  29.4   11:35  22.2   23:35   0.0   7.0   0.0  10.5  48.3   12:35     E
 4  24.7  29.2   15:45  21.5    5:30   0.0   6.4   0.0   7.9  41.8   11:30     E
 5  24.8  30.1   15:35  21.0    6:55   0.0   6.5   0.0   5.8  40.2    1:45     E
 6  25.7  31.2   16:00  21.6    4:10   0.0   7.4   0.0   6.0  38.6   12:05     E
 7  26.7  30.7   13:40  23.2    5:55   0.0   8.4   0.0   8.5  45.1    8:50     E
 8  27.8  32.7   17:15  21.5   23:30   0.0   9.3   0.0   8.9  38.6    3:35     E
 9  23.3  30.5   11:15  17.1    6:15   0.1   5.1   7.8   6.3  32.2   23:05     E
10  21.7  25.1   15:40  19.6    6:00   0.0   3.4   0.2  17.4  51.5   17:25     E
11  24.2  28.2   15:40  20.4    5:55   0.0   5.2   0.0  18.0  46.7   13:10     E
12
13
14
15
16
17
18
19
20
21
22
23
24
25
26
27
28
29
30
31
-------------------------------------------------------------------------------------
    25.0  32.7     8    17.1     9     0.1  72.6   8.0   9.5  51.5    10       E

Max >=  32.0:  1
Max <=   0.0:  0
Min <=   0.0:  0
Min <= -18.0:  0
Max Rain: 7.80 ON 09/07/22
Days of Rain: 2 (> .2 mm) 1 (> 2 mm) 0 (> 20 mm)
Heat Base:  18.3  Cool Base:  18.3  Method: Integration