NOAA Reports/Αναφορές NOAA

Select a Year or Month report
2021 > Jan Feb Mar Apr May Jun Jul Aug Sep Oct Nov Dec
2020 > Jan Feb Mar Apr May Jun Jul Aug Sep Oct Nov Dec
2019 > Jan Feb Mar Apr May Jun Jul Aug Sep Oct Nov Dec
2018 > Jan Feb Mar Apr May Jun Jul Aug Sep Oct Nov Dec
2017 > Jan Feb Mar Apr May Jun Jul Aug Sep Oct Nov Dec
2016 > Jan Feb Mar Apr May Jun Jul Aug Sep Oct Nov Dec

Report for 2021 04
                   MONTHLY CLIMATOLOGICAL SUMMARY for APR. 2021

NAME: Hondros Weather Station   CITY: Hondros   STATE: Greece 
ELEV:   420 m  LAT:  35 00' 00" N  LONG:  25 24' 00" E

                   TEMPERATURE (C), RAIN  (mm), WIND SPEED (km/hr)

                                      HEAT  COOL        AVG
    MEAN                              DEG   DEG         WIND                 DOM
DAY TEMP  HIGH   TIME   LOW    TIME   DAYS  DAYS  RAIN  SPEED HIGH   TIME    DIR
------------------------------------------------------------------------------------
 1   7.6  12.3   14:45   5.4    3:45  10.7   0.0  12.0  14.3  49.9   13:45   NNW
 2  11.7  16.8   17:40   6.5    4:45   6.7   0.0   0.0   7.6  38.6    0:45   NNW
 3  12.2  15.9   15:15   5.8   23:55   6.1   0.0   0.0   5.6  25.7   13:20     N
 4  13.6  20.8   14:35   4.5    3:40   4.9   0.2   0.0   2.3  22.5   22:25   SSE
 5  16.5  21.9   12:25  10.2    6:55   2.6   0.9   0.0   1.6  22.5   12:40     E
 6  17.3  20.6   10:30  11.2   23:40   1.4   0.4   0.0   9.7  40.2    5:05    SE
 7  14.1  18.8   13:30  10.7    7:05   4.2   0.0   0.0   7.6  32.2    5:50   NNW
 8  13.8  18.7   13:50   8.6    2:15   4.5   0.0   0.0   9.8  48.3   21:20   NNE
 9   9.2  11.7   14:20   7.6    5:55   9.1   0.0   0.0  24.5  70.8   13:50   NNE
10   9.2  12.1   14:00   7.3    7:00   9.1   0.0   0.0  19.2  51.5   15:35   NNE
11  11.3  16.2   15:40   7.9    5:40   6.9   0.0   0.0   9.7  37.0   16:55   NNE
12  12.4  17.8   14:55   5.7   00:00   5.9   0.0   0.0   9.8  37.0    9:45   NNW
13   4.7   5.7    0:05   3.8    5:15   3.0   0.0   0.0   0.2   9.7    2:40   NNE
14
15
16
17
18
19
20
21
22
23
24
25
26
27
28
29
30
-------------------------------------------------------------------------------------
    11.8  21.9     5     3.8    13    75.2   1.5  12.0   9.4  70.8     9     NNE

Max >=  32.0:  0
Max <=   0.0:  0
Min <=   0.0:  0
Min <= -18.0:  0
Max Rain: 11.99 ON 01/04/21
Days of Rain: 1 (> .2 mm) 1 (> 2 mm) 0 (> 20 mm)
Heat Base:  18.3  Cool Base:  18.3  Method: Integration